
2
What is the units digit of 20439576?
6
What is the ten thousands digit of 2817949?
1
What is the units digit of 210206?
6
What is the hundred thousands digit of 2805214?
8
What is the thousands digit of 4024798?
4
What is the tens digit of 18151429?
2
What is the units digit of 1693720?
0
What is the thousands digit of 665955?
5
What is the tens digit of 8535890?
9
What is the thousands digit of 988820?
8
What is the thousands digit of 258606?
8
What is the units digit of 6904959?
9
What is the hundred thousands digit of 3323700?
3
What is the tens digit of 2087403?
0
What is the hundreds digit of 3714070?
0
What is the tens digit of 833810?
1
What is the thousands digit of 574633?
4
What is the millions digit of 3256270?
3
What is the hundreds digit of 153558?
5
What is the ten thousands digit of 838706?
3
What is the thousands digit of 530136?
0
What is the thousands digit of 181645?
1
What is the tens digit of 21801?
0
What is the ten thousands digit of 8798922?
9
What is the thousands digit of 90500?
0
What is the hundreds digit of 1238713?
7
What is the units digit of 2928020?
0
What is the hundreds digit of 2105320?
3
What is the ten thousands digit of 770851?
7
What is the hundreds digit of 3002907?
9
What is the hundreds digit of 6343289?
2
What is the units digit of 2509387?
7
What is the hundred thousands digit of 6657099?
6
What is the tens digit of 371880?
8
What is the millions digit of 14177862?
4
What is the thousands digit of 5543883?
3
What is the hundred thousands digit of 160230?
1
What is the thousands digit of 201259?
1
What is the tens digit of 376457?
5
What is the tens digit of 5530341?
4
What is the ten thousands digit of 496904?
9
What is the hundred thousands digit of 4212175?
2
What is the hundreds digit of 703972?
9
What is the hundreds digit of 4873818?
8
What is the hundred thousands digit of 1384843?
3
What is the units digit of 9620507?
7
What is the hundred thousands digit of 102684?
1
What is the tens digit of 14792697?
9
What is the hundred thousands digit of 760446?
7
What is the ten thousands digit of 820370?
2
What is the millions digit of 2171533?
2
What is the ten thousands digit of 2918870?
1
What is the tens digit of 327274?
7
What is the ten thousands digit of 12207662?
0
What is the tens digit of 73660?
6
What is the units digit of 160938?
8
What is the ten thousands digit of 833287?
3
What is the tens digit of 74985?
8
What is the millions digit of 1079098?
1
What is the hundred thousands digit of 8483531?
4
What is the units digit of 839646?
6
What is the units digit of 1118914?
4
What is the hundreds digit of 23247?
2
What is the hundred thousands digit of 317777?
3
What is the units digit of 3159194?
4
What is the ten thousands digit of 170657?
7
What is the units digit of 4896953?
3
What is the hundred thousands digit of 354636?
3
What is the hundreds digit of 1430310?
3
What is the ten thousands digit of 12100167?
0
What is the hundred thousands digit of 166529?
1
What is the hundred thousands digit of 842670?
8
What is the units digit of 1195978?
8
What is the hundred thousands digit of 4938949?
9
What is the hundred thousands digit of 8227939?
2
What is the hundreds digit of 7143009?
0
What is the ten thousands digit of 3346514?
4
What is the units digit of 91709?
9
What is the tens digit of 3796170?
7
What is the units digit of 11344033?
3
What is the tens digit of 502861?
6
What is the hundred thousands digit of 317046?
3
What is the thousands digit of 577056?
7
What is the hundreds digit of 10101124?
1
What is the ten thousands digit of 744262?
4
What is the ten thousands digit of 5488458?
8
What is the millions digit of 2607242?
2
What is the ten thousands digit of 5040086?
4
What is the units digit of 7428735?
5
What is the hundreds digit of 6704236?
2
What is the hundred thousands digit of 820836?
8
What is the units digit of 76696?
6
What is the hundred thousands digit of 826430?
8
What is the hundreds digit of 2418866?
8
What is the ten thousands digit of 6463920?
6
What is the ten thousands digit of 197903?
9
What is the ten thousands digit of 5491572?
9
What is the units digit of 120219?
9
What is the thousands digit of 103312?
3
What is the millions digit of 22947229?
2
What is the hundreds digit of 25237192?
1
What is the hundred thousands digit of 2414290?
4
What is the thousands digit of 540511?
0
What is the tens digit of 410535?
3
What is the tens digit of 4850762?
6
What is the tens digit of 25560?
6
What is the hundreds digit of 41026401?
4
What is the ten thousands digit of 748146?
4
What is the ten millions digit of 18912253?
1
What is the hundred thousands digit of 11898032?
8
What is the tens digit of 501104?
0
What is the tens digit of 4309012?
1
What is the millions digit of 25429215?
5
What is the units digit of 61553?
3
What is the ten thousands digit of 1073317?
7
What is the ten thousands digit of 112543?
1
What is the thousands digit of 2210662?
0
What is the hundred thousands digit of 245057?
2
What is the tens digit of 490242?
4
What is the tens digit of 1144654?
5
What is the tens digit of 424999?
9
What is the thousands digit of 842821?
2
What is the millions digit of 38770332?
8
What is the ten thousands digit of 124021?
2
What is the millions digit of 11357113?
1
What is the tens digit of 1139626?
2
What is the hundreds digit of 23634199?
1
What is the hundreds digit of 113317?
3
What is the units digit of 750041?
1
What is the hundreds digit of 116977?
9
What is the ten thousands digit of 135755?
3
What is the hundred thousands digit of 1844480?
8
What is the hundred thousands digit of 2933523?
9
What is the hundred thousands digit of 1191367?
1
What is the units digit of 623321?
1
What is the ten millions digit of 35565063?
3
What is the thousands digit of 75143?
5
What is the units digit of 242261?
1
What is the ten millions digit of 30509463?
3
What is the millions digit of 8910036?
8
What is the units digit of 64445?
5
What is the ten thousands digit of 2582806?
8
What is the thousands digit of 157839?
7
What is the units digit of 786202?
2
What is the millions digit of 3759936?
3
What is the units digit of 102920?
0
What is the ten thousands digit of 7115414?
1
What is the hundreds digit of 6172127?
1
What is the millions digit of 7762123?
7
What is the hundreds digit of 2287467?
4
What is the hundred thousands digit of 852094?
8
What is the hundred thousands digit of 5664485?
6
What is the hundred thousands digit of 214215?
2
What is the ten thousands digit of 2179823?
7
What is the ten thousands digit of 3662587?
6
What is the ten thousands digit of 614266?
1
What is the ten thousands digit of 2048523?
4
What is the tens digit of 4656595?
9
What is the tens digit of 8670302?
0
What is the ten thousands digit of 30579?
3
What is the thousands digit of 211701?
1
What is the hundreds digit of 5199058?
0
What is the ten thousands digit of 133206?
3
What is the hundred thousands digit of 529143?
5
What is the units digit of 1009645?
5
What is the hundred thousands digit of 2471842?
4
What is the tens digit of 939934?
3
What is the hundreds digit of 18610045?
0
What is the hundred thousands digit of 3803722?
8
What is the tens digit of 270223?
2
What is the units digit of 787011?
1
What is the tens digit of 92751?
5
What is the ten thousands digit of 363062?
6
What is the units digit of 268909?
9
What is the units digit of 30870623?
3
What is the tens digit of 349588?
8
What is the millions digit of 3251707?
3
What is the thousands digit of 322850?
2
What is the tens digit of 12158690?
9
What is the millions digit of 14966925?
4
What is the ten thousands digit of 10603290?
0
What is the units digit of 181101?
1
What is the tens digit of 34496819?
1
What is the units digit of 600720?
0
What is the tens digit of 307870?
7
What is the thousands digit of 70528?
0
What is the ten thousands digit of 1859745?
5
What is the tens digit of 151895?
9
What is the thousands digit of 4584522?
4
What is the thousands digit of 327696?
7
What is the units digit of 116337?
7
What is the millions digit of 5931911?
5
What is the units digit of 6544353?
3
What is the ten thousands digit of 675359?
7
What is the hundreds digit of 1046032?
0
What is the ten thousands di